 q - 4 + 4 - 2. What are the prime factors of r(t)?
2, 3
Suppose -z + 2*z - 16 = 0. Let q be 8 - (-12)/z*-4. Suppose -n - 3 = 0, q*y + 3*n - 127 = y. List the prime factors of y.
2, 17
Suppose -4*i = -i - 30. Suppose -i*v + 3*v = 0. Suppose -3*h + 140 = 5*u, v = h - u - 2*u - 56. What are the prime factors of h?
2, 5
Suppose -4*b - 17 = -53. Let h(d) be the second derivative of 2*d**3/3 + 7*d**2/2 - 8*d. List the prime factors of h(b).
43
Let z be 1/4 - 2590/(-8). Let n = 521 - z. What are the prime factors of n?
197
Suppose 2750 + 308 = 2*j. What are the prime factors of j?
11, 139
Let l be 2/5 + 25028/(-20). List the prime factors of l/(-27) - (-2)/(-6).
2, 23
List the prime factors of 1 + 10*555/6 + 1.
3, 103
Suppose 0 = -4*h + 5*s + 7145, 78*h + 2*s = 77*h + 1796. What are the prime factors of h?
2, 5, 179
Let m = -53 - -58. Suppose -m*q = -v - 0*v + 111, -413 = -3*v - 5*q. What are the prime factors of v?
131
What are the prime factors of 3165/(-10)*(-12)/9?
2, 211
Let y(t) = 4*t**2 - 87*t + 21. List the prime factors of y(-13).
2, 457
Let k(t) = 2*t**2 + 4*t - 1. Let v be k(-3). Suppose 2 = z + v*w + 1, 0 = -z + w + 19. Let p = 4 + z. List the prime factors of p.
2, 5
Suppose 0 = -i - 6 + 180. Suppose 2*r = q - i, 6*r - r - 393 = -2*q. What are the prime factors of q?
2, 23
Let i(y) = y + 13. Let s = -61 - -96. Suppose -5*c + 2*o + 28 = 0, 7*o - 2*o = -5*c + s. List the prime factors of i(c).
19
Suppose l + 20 = -3*a, a - 2*l = l. What are the prime factors of (a/(-18))/((-3)/9) - -208?
3, 23
Suppose -t + 2*u = -264 + 36, -5*u - 906 = -4*t. What are the prime factors of t?
2, 7
Let c(j) = 4*j**2 + 6*j - 12. Let w be c(5). What are the prime factors of w + -1 - (-1 + 2 + -4)?
2, 3, 5
Let a(p) be the third derivative of p**4/24 + 7*p**3/6 + 34*p**2. What are the prime factors of a(-5)?
2
Let d(n) = 3*n**3 - 19*n + 37. List the prime factors of d(7).
3, 311
Let b = 468 - 268. Let i(h) = h**2 + 1. Let c be i(7). Suppose c - b = -5*s. What are the prime factors of s?
2, 3, 5
Let f = 121 - 76. Let t = 6 + f. What are the prime factors of t?
3, 17
Suppose 0 = 5*z - 26 - 14. Let n(g) be the first derivative of -g**4/4 + 8*g**3/3 + g**2/2 - 5*g + 1. List the prime factors of n(z).
3
Let w be (2/(-6) - -1)/((-8)/24). Let a(l) = 2*l + 6. What are the prime factors of a(w)?
2
Suppose 3*q - 167 + 2 = 0. List the prime factors of q.
5, 11
Let v(f) = f**3 - 2*f**2 - 6*f + 10. Let p be v(3). Let k(w) = w + 5. Let x be k(0). Let i = p + x. List the prime factors of i.
2, 3
Let q be 14/63 + 146/(-9). Let g = -5 - q. Suppose g = -2*y + 35. List the prime factors of y.
2, 3
Let z be (-46)/8 - (-6)/(-24). What are the prime factors of (692/(-6))/(z/9)?
173
Let y = 350 + -133. List the prime factors of -3 + y + -3 + 5.
2, 3
Suppose 2*i = -6, -2*r - 226 = -4*i - 3478. List the prime factors of r.
2, 3, 5
Let k = 38 + -37. Suppose -3*p + 0*v + 2*v = -5, -3*p + k = -4*v. What are the prime factors of p?
3
Suppose -1 + 3 = -2*a. Let i = a - 3. List the prime factors of (-51)/(i - -3) + -1.
2, 5
Suppose 2*g - 3 = g, 4*g + 12 = -4*n. Let f be -9*-2*(-2)/n. What are the prime factors of 224/12 - (-2)/f?
19
Let v(y) = -y - 7. Let r be v(-11). Let a = 18 + r. List the prime factors of a.
2, 11
Let i be ((-120)/75)/((-4)/10). Suppose -165 = -5*c + 5*s, 4*s = -i*c + 4 + 136. What are the prime factors of c?
2, 17
Let m(w) be the third derivative of 2*w**5/15 - w**4/8 + w**3/2 - 20*w**2. Suppose -s - 1 - 2 = d, 0 = d - s - 5. List the prime factors of m(d).
2
Let j(l) = -502*l - 674. What are the prime factors of j(-7)?
2, 5, 71
Suppose 0 = 5*m + 4 - 9, m + 885 = 2*x. What are the prime factors of x?
443
Suppose -741*v + 721*v = -19660. List the prime factors of v.
983
Suppose -r = 1 - 4. Suppose b = r*m - 54, b = -5*m - 4*b + 70. List the prime factors of m.
17
Suppose 0 = -q - l + 8, 3*l - 1 = -2*q + 16. Suppose -150 = 2*k - q*k. List the prime factors of (7/21)/(1/k).
2, 5
Let c be 5 - (4 - (-3 + 2)). Suppose c = -3*y + 4*s + 450, 0*s = 4*y + 3*s - 600. List the prime factors of y.
2, 3, 5
Let m be 101 + (-9)/((-27)/(-12)). Let u = m + -58. What are the prime factors of u?
3, 13
Suppose 2725 = 31*m - 6*m. List the prime factors of m.
109
Let h be 1/((-4)/8) + 6. Suppose 3*b - 3*x = 150, -15 = x + h*x. List the prime factors of b.
47
Suppose 30 + 52 = 3*f - v, 4*v = -4. Let w = f - 42. List the prime factors of ((-141)/(-15))/((-3)/w).
47
Suppose -2*b + 4*x + 155 = -29, 4*b - 433 = -5*x. Suppose 2 = f, 5*y = 3*y - 5*f + b. What are the prime factors of y?
2, 23
Let k(q) = q**2 - 2*q. Let z be k(4). Suppose 90 = z*w - 62. What are the prime factors of w?
19
Suppose 15*b - 6825 = -0*b. What are the prime factors of b?
5, 7, 13
Let s be (-177)/(((-18)/(-4))/3). List the prime factors of (-5 + 4 - 0)*s.
2, 59
Suppose 5*w - 10*w + 1290 = 0. List the prime factors of w.
2, 3, 43
Suppose 2*x - 3 = 3. Suppose -5 = -2*j + x, -4*d = 3*j + 24. List the prime factors of 12/d*3*-3.
2, 3
Let f = -331 + 623. What are the prime factors of f?
2, 73
Let k(a) = a**2 - 5. Suppose 0 = -p + 6*p + 3*u + 51, -2*p = 3*u + 24. Let z = p - -14. List the prime factors of k(z).
2, 5
Let f = 1005 + -754. List the prime factors of f.
251
Let d = 52 - 50. Suppose -d*r + 43 = -1. What are the prime factors of r?
2, 11
Suppose -2220 = -10*w + 1800. List the prime factors of w.
2, 3, 67
Let y(v) = -20*v + 6. Let q = -24 - -21. What are the prime factors of y(q)?
2, 3, 11
Let f be 2/(-11) + 980/(-55). Let w = f + 22. Suppose n - 5*n + 43 = -5*l, -w*n + 88 = 4*l. List the prime factors of n.
17
Let o = 13 + -19. Let n = o + 5. List the prime factors of 0/n + (-4 - -11).
7
Suppose 0 = -5*o + 2962 + 14678. What are the prime factors of o?
2, 3, 7
Let q(m) = m**2 - 4. Let u be q(-4). Let t(b) = -b + 7. Let p be t(u). List the prime factors of (-10 - 2)/(-4) - p.
2
Suppose -42 = -4*d - 2*r, 0 = d + 4*r - 23 - 5. Let p(n) = 2*n**2 + 2*n + 5. Let s be p(5). Let v = d + s. What are the prime factors of v?
73
Suppose -5*g = -0*u + 5*u - 2005, 0 = -4*u - 3*g + 1604. List the prime factors of u.
401
Suppose 0 = 5*c - k + 119, 4*c + 4*k = k - 99. Let x be ((-4)/(-3))/((-16)/c). List the prime factors of 1/((-3)/(-73 - x)).
5
Let b = 25 + -18. Suppose b*u - 3*u - 320 = 0. List the prime factors of u.
2, 5
What are the prime factors of 616/280 + (-1)/5 + 1147?
3, 383
Let s(f) = f**2 - f + 5. Let i(d) = 2*d**2 - 2*d + 5. Let g(w) = -2*i(w) + 3*s(w). Let n be g(0). Suppose -142 = -7*p + n*p. List the prime factors of p.
71
Suppose 0*p + 2*m - 5 = 5*p, 0 = -3*p + 2*m - 7. Let q be 2 - (p/(-1) - 1). List the prime factors of 27/q*40/15.
2, 3
Suppose 2*m = 13 + 15. Let s = 27 + 36. What are the prime factors of (-322)/(-9) + m/s?
2, 3
Suppose 3*n - 269 = -5*t, 3*n - 4*t = 187 + 73. Let h(x) = -11*x + 6. Let w be h(5). Let q = w + n. List the prime factors of q.
3, 13
Let y(v) = 44*v - 49. List the prime factors of y(6).
5, 43
Let f(h) be the first derivative of 10*h**3/3 - 6. Let j be f(1). Let c(b) = -b**3 + 11*b**2 - 9*b + 14. What are the prime factors of c(j)?
2, 3
Let c(m) be the first derivative of -m**4/4 + 8*m**3/3 - m**2 + 7*m - 14. Let f(j) = j**3 + 6*j**2 - j. Let q be f(-6). List the prime factors of c(q).
67
Let c be 4/(-6)*3*-1. Suppose -7 = c*d - 41. List the prime factors of d.
17
Let j(m) = 1609*m - 180. List the prime factors of j(2).
2, 7, 31
Let o be (-27454)/(-63) + (-4)/(-18). Suppose -5*z = 2*p - z - o, 4*z - 1078 = -5*p. What are the prime factors of p?
2, 107
Suppose -3*b = 2*l + 12, -3*b = l - 0*b + 9. Let n be 0/l*4/16. Suppose n = -z + 2*z - 5. What are the prime factors of z?
5
Let b = 2633 + -1612. List the prime factors of b.
1021
List the prime factors of ((-255)/20)/(4/(-64)).
2, 3, 17
Suppose -3*j + 5*p + 6083 = 0, 2*j - 6327 + 2259 = -3*p. List the prime factors of j.
3, 677
Let l(a) = 9*a - 12 - 18*a + 12*a. Let f be l(9). What are the prime factors of (-3)/2*(-170)/f?
17
List the prime factors of (-21)/(-6)*31536/63.
2, 3, 73
Suppose -3*c + 1 = -2*c. Let d(h) = 11*h**2 + h. Let m be d(c). Let i = m - 0. List the prime factors of i.
2, 3
Let l = -338 + 742. List the prime factors of l.
2, 101
Let g = -105 + 109. Suppose 85 = 2*z + 4*p - 337, g*z - 870 = 5*p. What are the prime facto